2 - 4)). Suppose -o*n + 308 = -n. Is n a composite number?
True
Suppose 4*u - 319 = -35. Is u a prime number?
True
Suppose 0 = 2*p - 4*d - 2982, 3*p = -2*d + 4*d + 4453. Is p composite?
False
Let i be 227/(-9) + (-10)/(-45). Is (-4)/(-10) - 2965/i composite?
True
Let r(z) = -z**3 + 6*z**2 - 6*z - 1. Let m be r(5). Let c be (m/12)/((-1)/470). Suppose 5*o - 118 = 2*b + 137, 0 = -5*o - 2*b + c. Is o a composite number?
True
Suppose -1452 = -2*j + 1862. Is j prime?
True
Let n(x) = -x + 10. Let r be n(7). Suppose 221 = z + r*s, -430 = -2*z - 4*s + s. Is z a composite number?
True
Let m(b) = -b**3 - 9*b**2 - 3*b + 8. Is m(-9) composite?
True
Let f(n) = 7*n**2 - 4*n - 5. Is f(6) prime?
True
Suppose -5*y + 9 + 16 = 0. Suppose 40 + 41 = 4*x - j, 6 = -x - y*j. Is x a composite number?
False
Suppose -g + 4*t - 9 = 0, -12 = -6*g + g + t. Suppose k = g*k - 718. Is k a prime number?
True
Is 199/((6 - 2)/4) prime?
True
Let f(p) = p**3 - 7*p**2 + 6*p + 2. Let s be f(6). Suppose 3 + 1 = s*v. Suppose o + 5*z - 2*z = 28, 41 = v*o + z. Is o composite?
False
Let w(n) = -n**3 - 10*n**2 + n + 12. Let j be w(-10). Let g be (5/j)/(1/2). Suppose -g*p - 39 = -6*p. Is p a prime number?
False
Let f(g) = g**2 - 4. Let k be f(2). Suppose -2*s + 205 = -3*q, 2*s - 2*q - 200 = -k*q. Is s prime?
False
Suppose 5*d + 108 = -5*y + y, -76 = 3*y + 5*d. Let x = 127 + -73. Let n = x + y. Is n composite?
True
Let k be (2/(-2))/((-1)/2). Suppose 3*a + 2 = -5*x, k*a + 5*x = 5*a - 8. Is 21/(a + 2)*1 a composite number?
False
Let v(b) = 45*b - 1. Let w be v(1). Let n(d) = 3 + 2*d + 1 + 27*d + w*d. Is n(3) prime?
True
Let v be 1100/12 + (-2)/(-6). Let c = v - 37. Is c composite?
True
Let b = 2 - -2. Is 236/6 + b/(-12) a prime number?
False
Let p(i) = -2*i**2 - 3*i + 217. Is p(0) prime?
False
Suppose 5*k + 0*k - 40 = 0. Is 744/7 + k/(-28) a prime number?
False
Let z(d) = 531*d + 1. Let g be z(-1). Is 8/10*g/(-4) prime?
False
Is 8/36 + (-853)/(-9) a prime number?
False
Let h = -44456 + 17933. Is h/(-49) + 2/(-7) prime?
True
Is (-7 + 0)/(1 + (-336)/332) a composite number?
True
Let y be (-10)/(-4)*12/15. Suppose -y = 3*p - 71. Is p a composite number?
False
Let x be (24/(-18))/((-3)/(-63)). Is 8/x - (-14895)/21 a prime number?
True
Suppose 5*s - 7*s = -606. Is s composite?
True
Let n(j) be the first derivative of j**4/4 - 2*j**3 - 3*j**2 - 4*j - 1. Let a be n(7). Suppose 4*f + 67 = 3*r, f - 4*f + 60 = a*r. Is r a prime number?
False
Suppose -3*q - 294 = -4*n + 2*q, 3*q = 2*n - 148. Suppose 2*s - 53 = 5*z + n, -s = 3*z - 51. Is s prime?
False
Let g(h) = -2*h - 11. Let d be g(-8). Let s = 0 + d. Suppose 4*u = 3*l + 41 - 16, -s*u - l = -36. Is u prime?
True
Let m(v) = 13*v**3 - v**2 + v + 1. Suppose 7 = 3*a + 1. Is m(a) a composite number?
False
Let z = -67 + 123. Suppose z = 3*q - 13. Is q prime?
True
Let u = 7 - 3. Suppose b + 2 = 3*w, -w = u*b - 31 - 0. Is b composite?
False
Let d(z) = z**3 - 4*z**2 - 6*z + 5. Let m be d(5). Suppose m*k - t - 137 = -2*k, 3*t = -k + 65. Is (k/(-6))/((-10)/30) composite?
True
Suppose -4*w - 820 = -k - k, -214 = w - 5*k. Let a be -1 + (0 + w)/(-3). Suppose -3*n = -2*f + 83, -a = -2*f - 4*n - 19. Is f composite?
True
Let g(h) = -2*h - 4. Let t be g(-5). Suppose 1075 = -a + t*a. Is a prime?
False
Suppose -3 = -2*j - 1. Suppose 5*f - 2*p - 222 = 0, -p + j = 2. Suppose -5*u = -f - 171. Is u a composite number?
False
Suppose -3*x = 2*x - 10. Suppose -2*v - x = -4*l + 4, -5*v = -5. Suppose -58 = k - l*k. Is k prime?
False
Let u(w) = 2*w**3 - w**2. Suppose -4*c = -7*o + 2*o + 9, -c = -5*o + 6. Let g be u(o). Is (25 + g)*(-1)/(-2) prime?
True
Is (-2157)/(-21) - (-6)/21 a prime number?
True
Suppose -31*q - 2045 = -36*q. Is q a composite number?
False
Let a be 0/(3 + -1) - 25. Is (-930)/a + 2/(-10) a composite number?
False
Suppose -20 = 5*i, 0 = -4*t + i - 2*i + 1152. Is t a composite number?
True
Let x = 1117 + -576. Is x composite?
False
Let h be 2/7 + 82/7. Suppose -7*b = -h*b + 335. Is b composite?
False
Suppose 4 + 2 = 2*s. Suppose -444 = -s*v - 87. Is v composite?
True
Suppose -4*b = -b + 36. Let c = 21 + b. Let i = c - -28. Is i a composite number?
False
Let m be -2*-2*2/8. Is 1*(-2 - -25)/m a prime number?
True
Let p(d) = -d - 2. Let t be p(-4). Let m(k) = -7*k - 11*k**t + 5*k**3 - 2*k**3 - 4*k**3 + 10. Is m(-11) composite?
True
Let v(c) = -c**3 + 2*c**2 - 6*c - 1. Is v(-4) prime?
False
Let r = 1330 - 922. Let j = r - 196. Suppose j = -2*q + 6*q. Is q composite?
False
Let y = 6 + -3. Suppose 2*t - 121 = -y. Is t prime?
True
Suppose s - 5*o - 114 - 45 = 0, 0 = -3*s - 2*o + 392. Is s a composite number?
True
Suppose -f + 390 = 4*f. Let z(y) = 5*y**3 - y**2 + y. Let o be z(1). Suppose 0 = j + 2*j - o*n - f, -71 = -2*j - 3*n. Is j prime?
True
Let u = -4 - -1. Let g = 7 + u. Suppose 0 = -g*k + 42 + 14. Is k composite?
True
Let c = 256 - 107. Is c a prime number?
True
Let l(j) = 36*j**2 - 7*j + 9. Is l(4) prime?
True
Let r = 1 + 3. Suppose 236 = -0*y + r*y. Let b = -40 + y. Is b a prime number?
True
Suppose -n + 875 = 4*n. Suppose 12 = 4*s - 16. Is ((-2)/(-5))/(s/n) prime?
False
Suppose -2*y = 2*c + 2, 3*y = -3*c + c + 2. Let r(j) = 48*j - 1. Let m be r(1). Suppose -19 = y*t - m. Is t composite?
False
Let o(i) = 4*i**2 - 4*i + 5. Suppose 0*j = j - 4. Is o(j) a composite number?
False
Let y = 17 + -11. Suppose t = y*t. Suppose 2*f + 2 = -3*z + 4*f, 2*z - f = t. Is z a prime number?
True
Let o = -603 - -1880. Is o composite?
False
Suppose 2*x - t - 1337 = 2*t, 2*x + t = 1341. Is (-1)/(-2)*x - -4 prime?
False
Let d(s) = -38 + 75 - 38 + 10*s. Let t be (-32)/(-14) - 2/7. Is d(t) composite?
False
Is (-9256)/(-120) - 4/30 a prime number?
False
Is (4/(-8))/(5/(-1910)) prime?
True
Let a be (-2)/5 - (-176)/40. Suppose a*n - 274 = -0*n - w, n + 5*w - 59 = 0. Is n a prime number?
False
Let s be ((-84)/35)/(1/(-10)). Let j be ((-2)/4)/((-4)/s). Suppose -j*d + 306 = 69. Is d a composite number?
False
Suppose -1121 = -6*y + 109. Is y prime?
False
Suppose 0 = k + 3*k. Suppose k = -5*a + 29 + 1. Suppose -3*i + a = -3. Is i prime?
True
Let l(a) = 7*a**3 + 6*a**2 - 17*a - 9. Is l(4) a composite number?
False
Let i(o) = -10*o**3 + 3*o + 4. Is i(-3) a composite number?
True
Let f(t) = 2*t**3 - 10*t**2 - 9. Is f(7) a composite number?
True
Let l(h) be the third derivative of 35*h**4/8 + h**3/3 + 3*h**2. Is l(3) prime?
True
Let p be 2 - 1 - (2 - 3). Is p/9 + 133/9 a composite number?
True
Is 2*(1 + -2) - -21 a prime number?
True
Let o(m) = -m**2 + 4*m + 2. Let j(b) = b**2 - 3*b - 2. Let c(g) = 2*j(g) + 3*o(g). Let n = 37 + -32. Is c(n) prime?
True
Let v(i) be the third derivative of i**5/10 - i**4/12 - i**3/2 - 2*i**2. Is v(-5) a composite number?
False
Let m(t) = 2*t**3 - 14*t**2 + 5*t + 20. Is m(9) composite?
False
Suppose 0 = -2*g + 6*g - 16. Suppose 3*m + g*v + v - 366 = 0, 9 = -3*v. Is m prime?
True
Let u(s) = -s**2 + 8*s + 2. Let r be (-6)/4 - 15/(-2). Is u(r) prime?
False
Let m be (3*-1 + 2)*0. Let r = 5 - m. Suppose 6 = r*y - 3*y. Is y composite?
False
Suppose -5*v = a - 135, -v + 4*a + 2 + 4 = 0. Is v a composite number?
True
Let b(f) = f**3 - f**2 + 8*f + 11. Is b(10) composite?
False
Suppose b + 2*p = -2*p + 161, -4*b = 3*p - 605. Is b a composite number?
False
Suppose a = l + 110, 4*l - 5 = -l. Is a prime?
False
Suppose -a = -74 - 179. Is a prime?
False
Let l(h) = h**2 + 4*h - 6. Let y be l(-6). Suppose 0 = -m - 4*t - 26, -2*m - t + 19 = -y*m. Let i = 27 - m. Is i composite?
True
Suppose 0 = -0*j + j + 27. Let m(k) = 48*k**2 + 21*k - 21. Let w(z) = 7*z**2 + 3*z - 3. Let r(q) = j*w(q) + 4*m(q). Is r(6) prime?
False
Let r = -39 - 23. Let d = 93 + r. Is d a composite number?
False
Suppose 0 = -2*m - 2*m - 2*j + 50, -49 = -4*m - 3*j. Suppose 3*f + 3 = 3*b, m = 4*b + 2*f - 3. Is (2 + -1)*177/b prime?
True
Let x = -8 - -13. Suppose -6*v = -v + x, 206 = j + 2*v. Let f = -47 + j. Is f a prime number?
False
Suppose 882 = 2*a + 4*t, 3*a + t - 1332 = 4*t. Let o = -256 + a. Is o prime?
False
Is (1205/(-3) + -4)*3*-1 a prime number?
True
Let m = -76 + 203. Is m prime?
True
Suppose 0 = -4*x + 4, 4*g + 5 = 5*x - 0*x. Suppose g = -2*m, 0*i = 3*i - m. Suppose -2*k - 5*d = -i*d - 28, -4*d = 0. Is k composite?
True
Let x(n) = -n + 4. Suppose 5*g - 2*g = 18. Let u be x(g). Let p(w) = 7*w**2 - w 